*f - c - 26 + 126, -c + 43 = 2*f. What is the remainder when 50 is divided by f?
12
Let o(j) = j + 9. Let z be o(-9). Suppose -3*t = -z*m + 2*m - 34, 0 = m + 5*t - 31. What is the remainder when m is divided by 4?
3
Suppose 6*f = 4*g + f - 168, 2*g - 58 = -4*f. Calculate the remainder when g is divided by 20.
17
Let j(o) = -2*o - 13. Let k be j(-9). Suppose -n + 0 = -k. Suppose 36 = -m + 5*m. Calculate the remainder when m is divided by n.
4
Suppose 4*k + 5*o - 350 = 0, -3*k + 3*o - 50 = -299. Let w = k + -53. What is the remainder when w is divided by 17?
15
Let n = -16 - -32. Calculate the remainder when n is divided by 9.
7
Let u(d) = d + 1. Calculate the remainder when 25 is divided by u(3).
1
Suppose -r - 28 = 3*r. Let w = 4 + r. Let h = 12 + w. What is the remainder when 25 is divided by h?
7
Suppose -5*v - 2*d = 18, -v + 6 = 2*v - 3*d. Calculate the remainder when (v/(-3))/(4/294) is divided by 17.
15
Let v = 12 + -9. Let f = v + 6. Let d = 43 + -26. What is the remainder when d is divided by f?
8
What is the remainder when ((-60)/8)/(1/(-2)) is divided by 1 + 1*(-1 + 8)?
7
Let f = -2 + 4. Suppose -7*c = -2*c - 25, f*c - 2 = 2*m. Calculate the remainder when 13 is divided by m.
1
Let l be (-8*2)/((-2)/5). Let b = -24 + l. What is the remainder when 30 is divided by b?
14
Calculate the remainder when (6*(-34)/(-6))/2 is divided by 6.
5
Suppose -6*g = -2*g - 184. Suppose 0 = 4*w - k - 12, 0*w - 2*k - 6 = w. Suppose 3*o = w*o + 24. Calculate the remainder when g is divided by o.
22
Let r = 19 + -9. What is the remainder when 17 is divided by r?
7
Let s(l) = -l**3 - 6*l**2 + 6*l + 10. Let x be s(-7). Let k = x + -10. Let q = 6 - -14. Calculate the remainder when q is divided by k.
6
Suppose -2*h + 5*z + 17 = 2*z, 2*h = -z + 37. Suppose 3*o - h = o. Calculate the remainder when 15 is divided by o.
7
Suppose -4*u - 2 + 14 = 0. Suppose -w - 3*q + 29 = -0, u*q + 12 = 0. Suppose -t - 4*x = 2, 4*t - 5*x = -x + 72. What is the remainder when w is divided by t?
13
Let l be (-18)/(-8)*(14 - 2). Suppose -x - 16 = -3*b + 3, -3*b + 3*x = -l. Suppose 24 = b*q - 3*q. What is the remainder when q is divided by 7?
5
Suppose 2*d = 54 - 8. Let x = -9 + 21. What is the remainder when d is divided by x?
11
Suppose i = 5*b, -7 = 5*b - 22. What is the remainder when (-2)/6 + 338/6 is divided by i?
11
Suppose -4*r = a - 23, 2*a + 0*a - 52 = -2*r. Suppose -4*q + 172 = 3*u, -7*q + 2*q = -4*u + 188. What is the remainder when u is divided by a?
25
Let a(m) = -8*m - 15 + 15. Calculate the remainder when 2/7 - 152/(-7) is divided by a(-1).
6
Suppose h = -2*h - d + 41, 3*h = -2*d + 37. Let v = 23 - h. What is the remainder when 21 is divided by v?
5
Suppose 8*k + 0*k = -8. Calculate the remainder when 10 is divided by 1 + 1 + (-2)/k.
2
Let j = -144 + 192. What is the remainder when j is divided by 31?
17
Suppose -60 = -3*v - 0*v. What is the remainder when 37 is divided by v?
17
Calculate the remainder when (60 + -57)/(-3*2/(-190)) is divided by 16.
15
Let c(j) = -2*j + 10. What is the remainder when 76 is divided by c(-8)?
24
Let f(m) = -m**2 - 3*m. Let k be f(-3). Suppose d + 3 = 0, k = 2*n - 0*d - 3*d - 39. Calculate the remainder when n is divided by 8.
7
Let y(u) = u**2 - 3*u + 3. Let i(n) = 5*n + 4. Let m be i(-3). Let p = 23 + m. Calculate the remainder when p is divided by y(4).
5
Suppose 0 = -5*j - 20 + 115. Let t be -3*(3 + 11/(-3)). Suppose 0*g + 3*g - t*i - 40 = 0, -5*g + 70 = -4*i. What is the remainder when j is divided by g?
9
Suppose 4*g = 22 - 2. Calculate the remainder when 22 is divided by (-12)/g*(-8 + 3).
10
What is the remainder when 77 is divided by (-12)/(-4)*(-104)/(-8)?
38
Let j(w) = w + 43. What is the remainder when j(16) is divided by 15?
14
Let b = -2 - -7. Let g(x) = 2*x**2 - 5*x. What is the remainder when b is divided by g(3)?
2
Suppose d = 1, 0*x + 3 = 5*x - 2*d. Let c = -6 + 0. What is the remainder when x is divided by 2/c + 4/3?
0
Let t be 1 - -1 - 3*-5. Let m be (t/3)/(5/15). Let u = m + -9. Calculate the remainder when 15 is divided by u.
7
Suppose 2*h - 8 = -2*h, 0 = -5*a + 2*h + 21. Suppose 7*z - 2*z + 3*d = 52, -2*z + 3*d + 4 = 0. Calculate the remainder when z is divided by a.
3
Let o(n) = n**3 - 19*n**2 + n - 15. Calculate the remainder when 8 is divided by o(19).
0
Let f = 12 + -2. What is the remainder when 27 is divided by f?
7
Let y(d) = -d**2 + 8*d + 9. Calculate the remainder when y(8) is divided by 3.
0
Let y(s) = 8*s - 13. What is the remainder when y(11) is divided by 19?
18
Let p(f) = 3*f**3 - 2*f**2 + 2*f - 1. Let a be p(1). Let n = -2 + a. Suppose 4*v + n*v - 32 = 0. Calculate the remainder when v is divided by 5.
3
Suppose q - 53 = 3*i, -8 = -i - 13. What is the remainder when q is divided by 13?
12
Let b(y) = y**2 + 1. Let p be b(3). Suppose -3*g - p = q - 7*g, -4*g = 3*q - 18. Suppose 0 = -2*w - w + 6. What is the remainder when q is divided by w?
0
Suppose 4*y = 3*x - 22, -x + y + 2 = -7. Calculate the remainder when 81 is divided by x.
11
Suppose 2*x + 2*x = -16. What is the remainder when ((-44)/(-6))/(x/(-6)) is divided by 6?
5
Suppose 420 = 2*w - m, w + 3*m = -4*w + 1050. Calculate the remainder when 28 is divided by (w/56)/(1/4).
13
Let h(z) = -8*z**3 + 2*z**2 + 2*z + 1. Let o(c) = -c - 6. Let r be o(-8). Suppose r = -2*x + 5*f, -f = 2*f. What is the remainder when h(x) is divided by 6?
3
Let k(l) = -3*l. Let u be k(-8). Let p = u - 9. Calculate the remainder when 58 is divided by p.
13
Suppose -x - 4 = 2*f - f, -4*f = -3*x + 16. Suppose -6*c + c + 40 = x. What is the remainder when 20 is divided by c?
4
Suppose -5*x = 25, 0*x = 5*o - 3*x - 25. Calculate the remainder when o is divided by 1.
0
Let j(h) = -h**2 + 10*h - 12. Let k be 1*20*2/5. What is the remainder when j(k) is divided by 2?
0
Suppose 5*q - 12 = 4*q. Calculate the remainder when 5*(-2)/(-10)*q is divided by 8.
4
Suppose 0 = -3*m - u - 15 + 59, 2*u = -2*m + 32. What is the remainder when m is divided by 10?
4
Let v = -123 - -196. Calculate the remainder when v is divided by 15.
13
Suppose -4*z - 7 = -v + 2*v, 2*v = -3*z + 1. Let d be (-2)/z - 73/(-3). Suppose 2*p - 49 = d. What is the remainder when p is divided by 13?
11
Let x = -4 + 4. Let j(s) be the third derivative of -s**4/24 + 9*s**3/2 + s**2. Calculate the remainder when j(x) is divided by 14.
13
Let i = 75 + -52. Calculate the remainder when i is divided by 16.
7
Suppose 3*r - 27 = -3. Suppose 30 = 2*n + 3*s - 44, -4*s = -4*n + 108. What is the remainder when n is divided by r?
7
Let c(i) = -10*i**3 + 2*i**2 + 4*i + 3. Let d be ((-10)/(-10))/((-1)/2). Calculate the remainder when c(d) is divided by 21.
20
Let n = 7 - 5. Suppose -5*t = p - 40, -8 = n*t - 3*t - 3*p. What is the remainder when 136/6 + (-4)/6 is divided by t?
6
Suppose 2*m + 18 = 4*d, -4*m = d - m - 15. What is the remainder when 10 is divided by d?
4
Let r(z) = 3*z**3 + 19*z**2 + 19. Let v(c) = -5*c**3 - 29*c**2 - 29. Let p(m) = 8*r(m) + 5*v(m). Calculate the remainder when p(7) is divided by 4.
3
Let p(l) = -3*l - 6. Let f be p(-4). Let n be (-25)/(-2) - (-3)/f. Let k = n - 6. Calculate the remainder when 13 is divided by k.
6
Let i = 19 - 10. What is the remainder when i is divided by 4?
1
Let v = 22 - 8. Calculate the remainder when v is divided by 4.
2
Let p = -254 + 114. Let j = p + 230. Suppose 6*u = 3*u + j. What is the remainder when u is divided by 8?
6
Let r = -14 + 26. Suppose 2*v = 5*b + 6*v - 40, 4*v - r = 2*b. What is the remainder when 12 is divided by b?
0
Let v = 27 - -3. Calculate the remainder when v is divided by 16.
14
Let g(j) = -3*j**3 + 4*j**2 - 2*j. Suppose 0 = -u + 2*u - 2. Let s be g(u). What is the remainder when 11 is divided by -9*(s/(-9))/(-2)?
5
Let r = -115 + 158. Calculate the remainder when r is divided by 9.
7
Let w(i) = i**3 + 2*i**2 - 6*i - 6. Let p be w(-3). Let d(z) = 8*z + 3. Calculate the remainder when 51 is divided by d(p).
24
Let o be -6*7*3/9. Let f = -7 - o. What is the remainder when 12 is divided by f?
5
Suppose 0*v + 9*v = 153. What is the remainder when 135 is divided by v?
16
Calculate the remainder when ((-445)/(-5))/(-1 - (-12)/8) is divided by 36.
34
Let o(c) = -8*c + 2. Suppose -60 - 165 = 5*r. Let d = -30 - r. What is the remainder when o(-5) is divided by d